- 17 = f. What is the remainder when d is divided by 14?
13
Suppose 0 = -t - 3*a + 60, 3*a + 276 = 4*t + 96. Calculate the remainder when t is divided by 12 + (-5)/((-5)/(-2)).
8
Let y = 31 - 20. Let g = 16 + -13. What is the remainder when y is divided by g?
2
Let k(v) = 36*v + 5. Suppose -l + 10 = l. Let p be k(l). Suppose -d = 4*d - p. What is the remainder when d is divided by 13?
11
Let h = 42 + -27. Suppose -2*t = p - 15 - 21, -p + 2*t = -20. What is the remainder when p is divided by h?
13
Suppose 0 = -4*b - h + 10, 3*b - h = 4*b - 4. Suppose -b*r = 2*l - 58, 3*r - 98 = -r + 5*l. Calculate the remainder when r is divided by 15.
12
Let r be 1 + 0 + -26 + 3. Calculate the remainder when r/8*(-8)/2 is divided by (((-18)/(-5))/(-9))/((-3)/30).
3
Let s(g) = g - 12. Let f be s(13). Calculate the remainder when 30 is divided by 6/(-2) + f + 10.
6
Suppose -7 = v - 17. What is the remainder when 37 is divided by v?
7
Let l = 0 - 1. Let q(g) = 12*g**2 - g - 1. Let m be q(l). Calculate the remainder when 32 is divided by (44/m)/(1/3).
10
Suppose 1 = 2*l - 15. Calculate the remainder when (-560)/(-25) + 2/(-5) is divided by l.
6
Let w = 33 + -17. What is the remainder when (18 + -21)/(3/(-61)) is divided by w?
13
What is the remainder when (1 + -45)*(-39)/52 is divided by 9?
6
Suppose 3*i - 2*l = 103, 4*l = 4*i + 2*l - 138. What is the remainder when i is divided by 0 - (1 - 2) - -11?
11
Let d = 80 - 70. Calculate the remainder when 18 is divided by d.
8
Let t = -5 + 5. Suppose -5*m + 45 = 2*s + 3*s, m + 2*s - 5 = t. What is the remainder when 37 is divided by m?
11
Calculate the remainder when 2 + 3/(12/152) is divided by 21.
19
Let l = 57 + -27. Suppose -2*y = y + l. Let a = 10 - y. What is the remainder when a is divided by 7?
6
Suppose -188 = -4*r + 4*v, -v = r - 14 - 27. Suppose p - 5*p = -r. What is the remainder when 21 is divided by p?
10
Let o be -3 + 2 + (-15)/(-3). Suppose o*r + 22 = 98. Calculate the remainder when r is divided by 10.
9
Let n = -18 - -43. What is the remainder when 97 is divided by n?
22
Let s = 11 - -6. Calculate the remainder when s is divided by 6.
5
Suppose 20 = 6*t - 2*t - 4*v, 3*t - 25 = v. Let n(d) = d**3 - 9*d**2 - 8*d - 13. What is the remainder when n(t) is divided by 4?
3
Suppose 2*a = 3*d + 20, -2*d + 6 + 2 = 0. Suppose -o - 3*l = -48, 0 = -o - l + 6*l + a. Suppose 0 = -2*z + o - 0. What is the remainder when 34 is divided by z?
16
Suppose 2*n - 137 = -p, 3*n + p - 209 = 3*p. What is the remainder when n is divided by 18?
15
Suppose -5*l = -10*l + 640. Suppose -4*f = 0, 0*f - l = -4*h - 4*f. Suppose -8*d = -4*d - h. What is the remainder when d is divided by 3?
2
Suppose 4*w - w - 60 = 0. Calculate the remainder when ((-1)/(-3))/(2/228) is divided by w.
18
Let j = -11 + 20. Let q(g) = g**3 - 10*g**2 + 9*g + 8. Let i(p) = -p**2 + 3. What is the remainder when q(j) is divided by i(0)?
2
Let p(t) = 18*t - 6. Calculate the remainder when p(4) is divided by 17.
15
Let h = 26 + -24. What is the remainder when 7 is divided by h?
1
Suppose t + 2*z + 35 = 4*t, 0 = z + 4. Calculate the remainder when 26 is divided by t.
8
Calculate the remainder when ((-56)/(-4) - -1) + (-3)/1 is divided by 5.
2
Let j(r) = -7*r. Let s be j(-2). Let o = -4 + s. Let w = 30 - 2. What is the remainder when w is divided by o?
8
Suppose 3*z = 5*s + 4*z + 7, 2*s - 3*z = 4. Let r(d) = 21*d**2 + 2*d + 1. Calculate the remainder when r(s) is divided by 11.
9
Let i be (-2)/((-26)/(-30) - 1). Suppose g = 5*x + 21, -4*x - 1 - 41 = -5*g. Let r = i - g. What is the remainder when 25 is divided by r?
7
Calculate the remainder when (4 - 3*(0 + 1)) + 58 is divided by 30.
29
Let l = 47 - 28. Calculate the remainder when 35 is divided by l.
16
Let f(n) = -4*n - 5. Suppose 0 = d + 2*r - 8, 0*d + 5*d = -5*r + 40. What is the remainder when f(-5) is divided by d?
7
Let v(d) = 12*d - 2. What is the remainder when v(3) is divided by 10?
4
Suppose 12*c - 58 = 11*c. Calculate the remainder when c is divided by 20.
18
Suppose a + 4*a = 2*l, -a = l - 7. Suppose -l*v = -3*v - 3*k - 16, -v + 2*k = -8. What is the remainder when v is divided by 3?
2
Let i(j) = -j**3 - 4*j**2 + 12*j + 9. Calculate the remainder when 22 is divided by i(-6).
4
What is the remainder when 253 is divided by ((-56)/14)/(30/16 - 2)?
29
Let q = 5 + -1. What is the remainder when 15 is divided by q?
3
Suppose 4*v - 41 = 5*q - 2*q, -2*q + 2 = 0. Let n = -35 - -67. What is the remainder when n is divided by v?
10
Let m = 25 - -49. Suppose 2*f + 2*l = 20, 24 - m = -5*f + 4*l. Suppose -g = 3*d - 0*g - 55, 3*g + 5 = d. Calculate the remainder when d is divided by f.
7
Let s = 47 + -8. Calculate the remainder when s is divided by 21.
18
Let c = -90 + 116. What is the remainder when c is divided by (7/3)/((-3)/(-9))?
5
What is the remainder when (-3 - -6)/((-1)/(-21)) is divided by 22?
19
Suppose 0 = -5*o - o + 42. What is the remainder when o is divided by 2?
1
Let f = 110 + -96. What is the remainder when 82 is divided by f?
12
Let x(v) = 5*v. Let q be x(1). Suppose -5*o - 62 = 4*p - 177, -q*p = -3*o + 32. Let g(b) = -b + 1. Calculate the remainder when o is divided by g(-4).
4
Let y = 4 + 7. What is the remainder when 33 is divided by y?
0
Let i = 19 + -31. What is the remainder when 40 is divided by 4/6 + (-160)/i?
12
Let s(q) = -12*q - 7. Let p be s(-3). Let z = p + -12. What is the remainder when 32 is divided by z?
15
Let x(z) = 11*z**3 + 2*z - 1. Let h(a) = a**3 - a + 1. Let s(l) = 2*h(l) + x(l). Calculate the remainder when 25 is divided by s(1).
11
Suppose -5*o + 93 = -137. Let x(t) = t**3 + t**2 + t - 14. Let v be x(0). What is the remainder when o is divided by (48/v)/(18/(-126))?
22
Let k = -52 - -70. What is the remainder when 50 is divided by k?
14
Let g be 9/(-21) - (-93)/21. Suppose 0 = -2*l + 7*r - 2*r + 55, -4*r - 92 = -g*l. What is the remainder when l is divided by 7?
6
Let u(m) = 2*m**2 - 4*m - 3. Suppose -29 = -5*i - 3*x, 2*x + 2 - 8 = 0. What is the remainder when u(-2) is divided by i?
1
Let g = 14 - 0. Calculate the remainder when 40 is divided by g.
12
Suppose -2*m = -5*z + 175, -z + 0*z + m + 35 = 0. Let d = 12 - 10. What is the remainder when z is divided by d/(-1*2/(-12))?
11
Let p(c) = c**2 - 8*c - 14. Calculate the remainder when 73 is divided by p(11).
16
Suppose -z - 2 = -13. Calculate the remainder when 21 is divided by z.
10
Let o = -6 + 5. Let g(u) = -61*u**3 - u**2 - u. Calculate the remainder when g(o) is divided by 21.
19
Suppose -p - 4*p = -5*y + 45, -4*p = 5*y - 54. Suppose -4*n = m - 16, -y = -m - n - n. Let r = 3 - 1. Calculate the remainder when m is divided by r.
0
Suppose 2*g - 122 = -0*g. What is the remainder when g is divided by 16?
13
Calculate the remainder when 50 is divided by 2/((-44)/52 + 1).
11
Let n(k) = -k**3 + 7*k**2 + 11*k + 8. Let y be n(9). Let l = y + 87. Calculate the remainder when l is divided by 17.
15
Suppose -n + 19 = -0*n. What is the remainder when 74 is divided by n?
17
Let p(r) = 3*r**2 - 2*r + 3. Suppose -i = 3*i - 24. Suppose 10 = i*s - s + u, -4*u - 2 = -s. Calculate the remainder when p(s) is divided by 6.
5
Let s(u) = -7*u. Let m be 6 - 2*(-9)/(-6). Suppose -12 = -3*h + m*t - 2*t, -h - 4*t = -17. What is the remainder when s(-2) is divided by h?
4
Let c = -14 - -29. Calculate the remainder when c is divided by (0 - 3) + 22/2.
7
Let x(q) = q**2 - 4*q - 1. Calculate the remainder when x(5) is divided by 1/(2*(-2)/(-16)).
0
Suppose 0 = 5*n - 4*n - 25. Suppose -4*t + 7*b = 5*b - 56, 0 = t - b - 14. What is the remainder when n is divided by t?
11
Let p = 3 + -2. Calculate the remainder when 2*p + 0/5 is divided by ((-1)/3)/(2/(-12)).
0
Suppose 0 = 2*s - 3*s - 1. What is the remainder when (0 + -5)/(s/4) is divided by 7?
6
Suppose -118 = -6*v - 22. Calculate the remainder when 45 is divided by v.
13
Let c(t) = -t**2 + 7*t + 7. Calculate the remainder when 65 is divided by c(5).
14
Let q be ((-2)/3)/((-3)/117). Let s = q - 12. What is the remainder when 27 is divided by s?
13
Let f = 49 + -33. What is the remainder when 45 is divided by f?
13
Suppose 2*t - t = 2. Suppose t*p + 2*p = -5*q - 4, 0 = -3*p - 3*q. What is the remainder when 6 is divided by p?
2
What is the remainder when 50 is divided by 300/16 - 4/(-16)?
12
Sup